. Let y be c(14). Let r be 3/(3*y/(-10)). Suppose 6*d - r = 80. What is the remainder when 74 is divided by d?
14
Suppose -3 = -u + 13. Let c = u + -11. Suppose c*m - 123 = -33. Calculate the remainder when m is divided by 10.
8
What is the remainder when (3 - 54 - 3)*400/(-60) is divided by 19?
18
Let m be 6/8 + (-1808)/(-64). Suppose -3*c = 4*h + 9 - 60, 0 = -2*h - 5*c + m. Calculate the remainder when 58 is divided by h.
10
Suppose 45 = -23*i + 26*i. Suppose 0 = 5*z - 35 - 160. What is the remainder when z is divided by i?
9
Let x(v) = -v**3 - 3*v**2 - v - 1. Let d = 117 + -120. What is the remainder when 9 is divided by x(d)?
1
Suppose 3*p = 26 + 16. Suppose -6*g - 2 = -p. Suppose 10 - g = 4*a. Calculate the remainder when 6 is divided by a.
0
Calculate the remainder when (-1 - -2)/((-6)/(-2142)) is divided by 18.
15
Let h(g) = -g**2 - 5*g + 1. Let i be h(-4). Let z = 134 + -44. Suppose 3*n = i*o - z, 3*o - 2*n - 74 = -o. What is the remainder when 82 is divided by o?
19
Suppose 5*d - 21 = 54. Suppose -2*r + d = 3*r. Suppose -g - r*h + 28 = 0, 5*g + 2*h = 3*g + 36. Calculate the remainder when 51 is divided by g.
12
Let y(s) = s**2 - 7. Let p be y(3). Calculate the remainder when -4 - -28*p - 0 is divided by 11.
8
Let s = -187 - -208. Calculate the remainder when s is divided by 12.
9
Suppose 0 = -13*a + 529 + 1109. What is the remainder when a is divided by 31?
2
What is the remainder when 6/3 + 42 - (-52)/(-13) is divided by 32?
8
Let q = -23 + 40. What is the remainder when (-2)/1*(-15 - 10) is divided by q?
16
Let c(f) = -25*f + 304. What is the remainder when c(8) is divided by 14?
6
Let d = 517 - 502. Calculate the remainder when 41 is divided by d.
11
Let k(s) = 69*s - 338. What is the remainder when -4 + 2 + 2 + 18 is divided by k(5)?
4
Let q(g) = 33*g - 4. Let y(p) = -p**3 + 4*p**2 - p + 6. Let w be y(4). Calculate the remainder when q(w) is divided by 21.
20
Suppose 6*s - 32 = -2. Calculate the remainder when 66 is divided by s.
1
Let j be 108/8*(-1 + 5). Suppose -a + 2*w - 120 = -3*a, j = a - 5*w. Let k = a - 24. Calculate the remainder when k is divided by 12.
11
Suppose -2*j - d = 2*d - 90, -3*d - 102 = -2*j. What is the remainder when 113 is divided by j?
17
Let a(f) = f**3 + 6*f**2 + 7*f + 49. Suppose 4 = -l, -1 = -5*k - 3*l + 2. What is the remainder when a(-6) is divided by k?
1
Suppose -66*c = -136 - 260. What is the remainder when 185 is divided by c?
5
Let t(n) = -5*n**3 + 46*n**2 + 46*n - 53. Let o(c) = 8*c - 5. Calculate the remainder when o(4) is divided by t(10).
6
Let k(u) = 6*u - 161. What is the remainder when k(40) is divided by 6?
1
Let j be (4/(-18) + 22/18)*-6. Let x(k) = -k**2 - 11*k - 1. What is the remainder when 113 is divided by x(j)?
26
Let s(h) = -h + 7. Let v be s(9). What is the remainder when 20 is divided by (v/(-1))/((-1)/((-7)/2))?
6
Let o = -45 + 49. What is the remainder when 11 is divided by o?
3
Let i = 1 + 1. Suppose 66 = 2*a - 4*j, j - 37 = -a + 4*j. What is the remainder when a is divided by (5 - i)/((-3)/(-14))?
11
Let m = 3 + -4. Let i(k) = 2 - 32*k + 6*k - 4*k. What is the remainder when i(m) is divided by 11?
10
Let j be ((-74)/(-2 - 0))/(11/(-33)). Let r = j - -128. Calculate the remainder when 97 is divided by r.
12
Let m(z) = 8*z**2 + 3*z - 8. Calculate the remainder when 116 is divided by m(2).
26
Let j = -17 - -17. Let z = 4 + j. Suppose -z*l + 88 = -0*l. What is the remainder when 85 is divided by l?
19
Let j(y) be the third derivative of y**5/10 + y**4/6 + 10*y**2 + y. Calculate the remainder when j(3) is divided by 23.
20
Let j = -8 - -11. Suppose j*f = 2*f + 3. Let y = 21 + f. What is the remainder when y is divided by 13?
11
Suppose 3*m = 4*k - 1257, 4*k - 6*m - 1258 = -4*m. Suppose 2*i = -i + k. Calculate the remainder when i is divided by 27.
24
Let b = -17 + 29. Suppose 0*h + b = 2*h. Let t(f) = -4*f**3 - 2*f**2 - 3. Calculate the remainder when t(-2) is divided by h.
3
Let f(b) = 2*b + 7. Let p be f(5). Suppose -s = v - 5*s - p, 5*v - s - 142 = 0. Let d(k) = k**2 - 3*k + 4. What is the remainder when v is divided by d(4)?
5
Let c = -33 + 13. Let q(p) = p**2 - 7*p - 48. Let n be q(-4). Calculate the remainder when c*(18/n)/9 is divided by 3.
1
Let z = 28 - 28. Suppose -8*i + 10*i - 18 = z. What is the remainder when i is divided by 3?
0
Let b = 529 - 353. What is the remainder when b is divided by 62?
52
Let h = 128 - -431. Calculate the remainder when h is divided by 7.
6
Let f(y) = y**3 - 4*y**2 - 19*y + 84. What is the remainder when f(8) is divided by 49?
41
Suppose 24 = 2*o - p, 4*o - 60 = -0*o - p. What is the remainder when 81 is divided by o?
11
Let s(r) = -8 + 8 - 24*r + 3. What is the remainder when s(-1) is divided by 5?
2
Let z = -7 + 66. Let n(o) = 2*o**2 - 2. Let s be n(-5). Let q = 68 - s. What is the remainder when z is divided by q?
19
Let z(p) = -p**3 + 17*p**2 + 2. Let j be z(17). Suppose 5*x + 2*l - 1 = 112, -4*l - 26 = -j*x. Calculate the remainder when 52 is divided by x.
10
Suppose 4*i = 2*i - 2. Let p be 0/(i*1/1). Suppose 0 = -p*u - u + 6. What is the remainder when 7 is divided by u?
1
Suppose -37*b + 124200 = 23*b. What is the remainder when b is divided by 7?
5
Let s be (-11 - (-2 + 1))*45/(-90). Suppose 5*c = -5*g + 755, s*c - 6 + 1 = 0. What is the remainder when g is divided by 22?
18
Let y(i) = 2*i + 30. Calculate the remainder when (-1)/(-4) - (-63)/4 is divided by y(-12).
4
Suppose -4*b + 5*u = 9 - 1, 3*b + 7 = 4*u. Suppose r + b*r = 76. Let s(j) = -j**3 - j**2 + 5*j - 2. What is the remainder when s(-5) is divided by r?
16
Let t = 25 + -14. Let m(v) = 4*v - 30. What is the remainder when 65 is divided by m(t)?
9
Let q(l) = -l - 3. Let p be q(-4). Let n(x) = -x**3 - 47*x**2 + 5*x + 237. Calculate the remainder when n(-47) is divided by p + 0 + 0 - -1.
0
Suppose -11*q + 7*q = 156. Let h = q - -69. What is the remainder when h is divided by 8?
6
Suppose 2*y + 4*x = -76, -2*x = 3*y - 23 + 117. What is the remainder when 67 is divided by 117/7 + (-1)/(y/8)?
16
Suppose -3*y + 6*y = 9. Calculate the remainder when (-66)/8*(-16)/y is divided by 10.
4
Calculate the remainder when 2/(-14) - (17800/(-140) - 7) is divided by 71.
63
Let q = 15 + -15. Suppose 4*o = o - d - 27, -3*d = q. Let u(c) = c**2 + 9*c + 3. Calculate the remainder when 8 is divided by u(o).
2
Suppose o = -o + 10. Suppose -5*g + 2*p - o = -76, -4*g + 66 = 3*p. Calculate the remainder when g is divided by 3.
0
What is the remainder when -10 - 279/(-27) - (-1036)/6 is divided by 49?
26
Suppose -327 = -2*l - 199. Calculate the remainder when 255 is divided by l.
63
Let w be 2/(-12) + (-20)/24. Let s(j) = 41*j**2 - 3*j - 2. Calculate the remainder when 122 is divided by s(w).
38
Suppose -q + 18 = 5*y, -4*y - 3*q = -2*y - 2. Suppose 3*t = -0*i + y*i - 36, 4*t - 40 = -2*i. Calculate the remainder when 35 is divided by i.
11
Let c be 25 - 0/(1 + 3). Let r = 18 - c. What is the remainder when 34 is divided by r/(-2)*216/42?
16
Let c(x) = -x**2 - 38*x + 9. Calculate the remainder when c(-33) is divided by 30.
24
Let w(l) = -l**2 - 7*l - 6. Let g be w(-5). Suppose -o = -6*o + 10. Suppose o*v = 4*a - 62, -a - g*v + 12 = -v. Calculate the remainder when a is divided by 6.
3
Suppose 14 = -13*m + 92. Calculate the remainder when 225/20 - 1/4 is divided by m.
5
Suppose -2*y + y - 43 = -5*f, 5*y + 110 = 4*f. Let d = -3 - y. What is the remainder when d is divided by 9?
6
Let i be ((-8)/10)/(8/(-80)). Suppose 0 = -r - 3*r + i. Suppose s = q + 3*s - 3, 25 = 3*q + r*s. What is the remainder when 43 is divided by q?
10
Let x = -8 + 237. Let y = 10627 - 10604. What is the remainder when x is divided by y?
22
What is the remainder when 141 is divided by 21/189 + 3882/54?
69
Let o(f) be the first derivative of -9*f**2/2 - 25*f + 13. Calculate the remainder when o(-22) is divided by 16.
13
Calculate the remainder when 10108/(-14)*(-2)/4 is divided by 73.
69
Let x(p) be the second derivative of -5/3*p**3 + 0 - 19/2*p**2 + 2*p + 1/12*p**4. Calculate the remainder when 29 is divided by x(12).
4
Let p = 12 - 8. Suppose p*r = -11 + 27. Suppose 8*g - 6*g = 0, 4*w - 28 = -2*g. What is the remainder when w is divided by r?
3
Calculate the remainder when (81/(-54))/((-9)/1212) is divided by 12.
10
Suppose -4